y(f) = 2*f**3 + 34*f**2 + 645. Calculate y(-18).
-3
Let q(t) = -2*t**3 - 85*t**2 + 2678*t - 4734. Give q(-64).
2
Let s(i) = -4*i**2 + 100789*i - 806053. Calculate s(8).
3
Let d(y) = -5*y**3 + 439*y**2 - 1282*y + 15. Give d(3).
-15
Let t(y) = 10047*y - 91083. Calculate t(9).
-660
Let c(b) = 6*b**3 + 37*b**2 - 582*b + 205. Calculate c(7).
2
Let y(b) = -b**2 - 112*b + 4154. What is y(32)?
-454
Let d(m) = -2*m**2 + 135*m + 1111. Give d(-7).
68
Let m(h) = h**3 - 5*h**2 + 150*h - 2810. Determine m(12).
-2
Let o(r) = -r**2 + 68050*r - 680395. What is o(10)?
5
Let r(d) = -4185*d**2 + 62758*d + 263. What is r(15)?
8
Let b(r) = -3967*r + 22779. Give b(6).
-1023
Let u(a) = -1542*a + 15424. Determine u(10).
4
Let j(n) = 5*n**2 + 1469*n + 34833. Determine j(-26).
19
Let r(v) = 6*v**2 - 43*v + 560. Calculate r(11).
813
Let d(i) = 4*i**2 - 315*i + 4550. Calculate d(19).
9
Let m(u) = -u**2 - 1172*u - 178562. What is m(-180)?
-2
Let n(p) = 21*p**2 - 308*p - 1234. What is n(-4)?
334
Let p(q) = -556*q - 2991. Determine p(-7).
901
Let c(f) = 2*f**2 + 21*f + 187. Calculate c(-6).
133
Let c(u) = -u**2 - 10534*u - 199809. What is c(-19)?
-24
Let q(w) = w**3 + 16*w**2 + 47*w - 482. Calculate q(-14).
-748
Let a(d) = -2321*d**2 + 34825*d - 200. What is a(15)?
-50
Let d(g) = g**3 - 1348*g**2 + 30490*g - 19861. Calculate d(1325).
14
Let d(g) = 3*g**3 + 3329*g**2 + 42756*g - 183. Calculate d(-13).
-1
Let y(t) = -109*t**3 + 51341*t**2 - 966*t + 11305. Give y(471).
1
Let y(w) = 9*w**2 - 1372*w - 138980. Determine y(222).
-8
Let d(r) = 540*r + 4822. Determine d(-9).
-38
Let a(k) = 658*k + 3924. Calculate a(-6).
-24
Let s(r) = 771*r**3 - 10*r**2 - 116*r + 125. Give s(1).
770
Let j(k) = -4*k**2 + 9191*k + 5190423. What is j(-469)?
0
Let f(j) = -j**3 - 17*j**2 - 131*j - 453. Give f(-7).
-26
Let p(w) = 110*w + 37925. Calculate p(-349).
-465
Let v(n) = -2*n**3 - 43*n**2 - 5*n - 592. What is v(-22)?
2
Let y(h) = 23494*h - 1198207. Give y(51).
-13
Let h(q) = -2*q**2 + 11754*q + 47017. Determine h(-4).
-31
Let t(p) = -58*p**2 - 1007*p + 15. Calculate t(-17).
372
Let s(y) = -936*y - 1785. Determine s(-2).
87
Let s(k) = k**2 - 395640*k - 7121856. Determine s(-18).
-12
Let k(c) = -7*c**2 + 64648*c + 517208. Calculate k(-8).
-424
Let t(x) = 23*x**3 - 225*x**2 + 89*x - 1327. Give t(10).
63
Let y(n) = -n**2 - 169*n - 6755. Determine y(-138).
-2477
Let o(f) = -2*f**3 + 647*f**2 - 51946*f - 337. Determine o(148).
-41
Let s(k) = -9*k**2 + 6274*k - 1037870. Determine s(270).
10
Let j(p) = -61*p**2 + 57*p - 392. Calculate j(5).
-1632
Let y(v) = -v**3 - 21*v**2 - 100*v - 52. Calculate y(-18).
776
Let z(f) = -13153*f + 197336. Calculate z(15).
41
Let w(s) = s**3 - 116*s**2 - 210*s + 111. Calculate w(-2).
59
Let t(y) = -2*y**3 - 78*y**2 + 867*y - 5686. What is t(-49)?
-149
Let r(b) = 3*b**2 - 79*b + 108. Give r(25).
8
Let u(p) = 2*p**3 + 2*p**2 + 65*p + 260. Give u(-7).
-783
Let n(a) = -3*a**2 - 928*a - 70754. Calculate n(-173).
3
Let a(v) = 48*v**2 - 3031*v + 5. Calculate a(63).
-436
Let v(c) = -64*c**3 - c**2 + 92*c + 187. Give v(-2).
511
Let b(q) = 9*q**3 + 236*q**2 - 611*q - 17205. What is b(-26)?
33
Let s(h) = h**3 - 140*h**2 + 18*h + 713. Calculate s(140).
3233
Let z(o) = -23*o**3 - 805*o**2 + 216*o + 7567. Determine z(-35).
7
Let i(d) = -11*d**2 + 2*d - 10. What is i(6)?
-394
Let g(h) = -4535*h - 3637070. Determine g(-802).
0
Let f(p) = p**3 + 16*p**2 + 50*p - 115. Calculate f(-10).
-15
Let z(s) = 2*s**3 + 159*s**2 - 546*s - 60782. Give z(-78).
58
Let y(w) = w**3 + w**2 + 1584*w + 3153. Determine y(-2).
-19
Let a(s) = 2*s**2 - 46253*s - 185102. Determine a(-4).
-58
Let k(b) = -566990*b + 2267953. Determine k(4).
-7
Let o(n) = 3*n**2 - 227*n - 2487. Calculate o(-12).
669
Let o(h) = 7*h**2 - 1385*h - 97716. What is o(253)?
-58
Let v(u) = 330*u - 39048. What is v(118)?
-108
Let j(o) = -1416*o - 116089. Calculate j(-82).
23
Let j(n) = -2*n**2 - 474*n - 10204. Determine j(-24).
20
Let z(n) = 212*n**2 + 12304*n + 821. What is z(-58)?
357
Let c(p) = -p**3 + 616*p**2 + 31880*p - 5489. Determine c(664).
-177
Let a(t) = -97847*t - 391261. What is a(-4)?
127
Let k(t) = -7*t**2 - 758*t + 92119. Determine k(-181).
-10
Let u(o) = o**2 - 216*o - 14149. Give u(-50).
-849
Let o(l) = -4*l**3 - 495*l**2 + 133*l + 887. Determine o(-124).
-229
Let z(m) = -93*m**2 + 12251*m + 159. Give z(132).
-3141
Let j(y) = -y**3 + 7*y**2 + 98*y - 788. Determine j(7).
-102
Let h(c) = -691*c + 7026. Calculate h(10).
116
Let j(s) = -s**2 + 196*s - 9478. Determine j(87).
5
Let q(w) = w**3 + 122*w**2 - 64*w - 7617. Give q(-122).
191
Let i(a) = 529*a - 16667. Give i(35).
1848
Let z(p) = 174*p - 9845. Determine z(52).
-797
Let t(s) = -14*s**2 + 169*s + 200. Determine t(13).
31
Let s(k) = -3799*k - 11788. What is s(-3)?
-391
Let j(v) = 17750*v + 266267. Calculate j(-15).
17
Let v(h) = -7764*h - 3020140. Determine v(-389).
56
Let i(k) = k**3 - 83*k**2 + 325*k - 773. What is i(79)?
-62
Let b(t) = 3354*t + 17590. What is b(-7)?
-5888
Let q(r) = -4*r**3 + 276*r**2 + 531*r - 36826. Calculate q(69).
-187
Let g(h) = -8*h**3 - 7*h**2 + 728*h - 21. Determine g(-10).
-1
Let x(d) = 398826*d + 9173006. Determine x(-23).
8
Let l(o) = 811*o**2 - 5464*o + 29. Give l(7).
1520
Let h(t) = -34*t**2 + 957*t + 5447. Determine h(33).
2
Let i(b) = -3336*b - 23338. Determine i(-7).
14
Let n(w) = -2*w**3 - 117*w**2 + 460*w + 30036. Calculate n(-58).
-8
Let z(r) = -r**3 + 33*r**2 - 103*r - 138. What is z(30)?
-528
Let o(b) = 4577*b + 192106. Give o(-42).
-128
Let s(x) = -540*x**2 + 17*x + 167. What is s(0)?
167
Let z(m) = -207*m + 68332. Determine z(329).
229
Let w(t) = -8*t**3 + 207*t**2 + 54*t - 389. Give w(26).
339
Let f(r) = -60*r - 1460. Give f(-30).
340
Let f(z) = -z**3 + 80*z**2 + 2729*z + 2845. Determine f(106).
-17
Let y(s) = -9875*s - 167702. What is y(-17)?
173
Let s(m) = m**3 - 60*m**2 - 424*m + 1833. Give s(66).
-15
Let f(t) = -5*t**2 + 8297*t - 180107. Calculate f(22).
7
Let j(y) = 342*y - 11542. What is j(34)?
86
Let i(j) = 3814*j - 7770. What is i(2)?
-142
Let t(w) = 35009*w + 69734. Calculate t(-2).
-284
Let c(p) = -p**3 - 67*p**2 + 94*p - 3382. Determine c(-69).
-346
Let f(x) = -1404*x - 19554. What is f(-14)?
102
Let r(m) = -3*m**3 + 100*m**2 + 15*m - 93. Give r(35).
-5693
Let r(l) = -26*l**3 + 1898*l**2 - 23*l + 6. What is r(73)?
-1673
Let a(n) = -1148528*n + 4594156. Calculate a(4).
44
Let m(c) = -3*c**2 - 556*c + 46914. What is m(63)?
-21
Let a(m) = -m**2 + 4481*m - 35726. Calculate a(8).
58
Let b(d) = -d**3 - 86*d**2 - 95*d - 921. Calculate b(-85).
-71
Let j(z) = 21*z**2 + 268*z + 61. Determine j(-14).
425
Let t(x) = 2*x**3 + 29*x**2 - 32*x - 128. Calculate t(0).
-128
Let z(q) = -q**2 + 954*q - 43840. What is z(48)?
-352
Let v(l) = -2*l**3 + 72*l**2 - 304*l - 100. Give v(31).
86
Let u(f) = f**2 - 115*f - 804. Give u(121).
-78
Let c(x) = -x**3 + 44*x**2 - 347*x + 326. What is c(34)?
88
Let m(a) = 3*a**3 - 38*a**2 - 18*a + 80. Give m(13).
15
Let i(y) = -2*y**3 + 122*y**2 + 435*y - 26495. Give i(61).
40
Let b(z) = -13*z**2 - 70*z + 302. Give b(3).
-25
Let b(n) = -36*n**3 - 803*n**2 - 231*n + 219. What is b(-22)?
-23
Let u(y) = -y**3 - 54*y**2 + 16642*y + 925694. Give u(-56).
14
Let i(k) = -9*k**3 + 12*k**2 - 406*k + 813. Determine i(2).
-23
Let v(t) = -10*t**2 + 257*t + 31314. Determine v(70).
304
Let k(y) = -35*y - 2369. Calculate k(-75).
256
Let s(p) = 1970*p + 81221. Calculate s(-41).
451
Let h(x) = -37*x**2 - 17*x + 90. Calculate h(5).
-920
Let a(k) = -322*k + 163. Determine a(1).
-159
Let a(g) = 7070*g**2 - 63631*g + 6. Calculate a(9).
-3
Let p(x) = x**2 - 1609*x + 204290. Determine p(139).
-40
Let z(n) = -98*n - 18923. Give z(-193).
-9
Let o(y) = 15*y**2 + 454*y - 287. Determine o(-31).
54
Let p(x) = -2*x**2 + 4657*x - 1676319. Give p(445).
-4
Let y(u) = 11*u**2 + 9637*u - 28930. What is y(3)?
80
Let m(x) = -3*x**3 - 49*x**2 + 289*x - 44. Determine m(5).
-199
Let g(n) = n**2 + 133*n + 94. What is g(-94)?
-3572
Let o(s) = -5961*s - 22072. What is o(-4)?
1772
Let c(r) = 2*r**3 - 30*r**2 + 20*r + 255. Give c(12).
-369
Let g(i) = -40489*i + 161898. Calculate g(4).
-58
Let l(p) = 20*p**2 - 2380*p + 31210. What is l(15)?
10
Let s(q) = -47*q + 12934. Give s(273).
103
Let l(g) = 690*g**2 + 37945*g - 101. Calculate l(-55).
174
Let w(v)